f 694076.
2, 17, 59, 173
List the prime factors of 1287172.
2, 17, 23, 823
What are the prime factors of 8116403?
313, 25931
What are the prime factors of 1175566?
2, 7, 83969
What are the prime factors of 7667401?
7, 1095343
List the prime factors of 4052272.
2, 7, 97, 373
List the prime factors of 321105.
3, 5, 21407
What are the prime factors of 8084766?
2, 3, 19, 70919
What are the prime factors of 13109737?
17, 103, 7487
List the prime factors of 4986245.
5, 11, 90659
What are the prime factors of 290277?
3, 13, 827
List the prime factors of 1532502.
2, 3, 19, 4481
List the prime factors of 3099321.
3, 17, 47, 431
List the prime factors of 10802659.
7, 19, 81223
What are the prime factors of 2792229?
3, 11, 191, 443
What are the prime factors of 171079?
171079
List the prime factors of 436170.
2, 3, 5, 7, 31, 67
List the prime factors of 1076713.
11, 97883
What are the prime factors of 5889636?
2, 3, 163601
List the prime factors of 586899.
3, 21737
List the prime factors of 3850546.
2, 7, 275039
What are the prime factors of 6136477?
6136477
What are the prime factors of 537442?
2, 268721
List the prime factors of 3363329.
73, 46073
What are the prime factors of 891695?
5, 7, 73, 349
What are the prime factors of 128614?
2, 107, 601
List the prime factors of 5122.
2, 13, 197
List the prime factors of 14922114.
2, 3, 41, 60659
What are the prime factors of 1100607?
3, 366869
List the prime factors of 1254519.
3, 7, 19913
List the prime factors of 1040938.
2, 461, 1129
What are the prime factors of 2330172?
2, 3, 13, 383
List the prime factors of 347024.
2, 23, 41
What are the prime factors of 5325297?
3, 257, 6907
What are the prime factors of 12118559?
1097, 11047
What are the prime factors of 4728365?
5, 945673
List the prime factors of 2971912.
2, 269, 1381
What are the prime factors of 751431?
3, 19, 13183
What are the prime factors of 798307?
23, 61, 569
What are the prime factors of 2910423?
3, 677, 1433
What are the prime factors of 41803589?
149, 280561
List the prime factors of 218468.
2, 54617
What are the prime factors of 2210937?
3, 233, 3163
List the prime factors of 1376972.
2, 344243
List the prime factors of 77362.
2, 47, 823
What are the prime factors of 66315?
3, 5, 4421
List the prime factors of 325564.
2, 199, 409
What are the prime factors of 3492081?
3, 388009
What are the prime factors of 13580113?
13580113
List the prime factors of 477128.
2, 19, 43, 73
List the prime factors of 1317855.
3, 5, 7, 11, 163
What are the prime factors of 16371811?
16371811
List the prime factors of 7192813.
23, 13597
What are the prime factors of 3529291?
3529291
What are the prime factors of 49612?
2, 79, 157
What are the prime factors of 400588?
2, 17, 43, 137
List the prime factors of 389854.
2, 397, 491
What are the prime factors of 336030?
2, 3, 5, 23, 487
List the prime factors of 5021198.
2, 7, 13, 47, 587
List the prime factors of 387115.
5, 139, 557
List the prime factors of 4956368.
2, 71, 4363
What are the prime factors of 246640?
2, 5, 3083
What are the prime factors of 241192?
2, 7, 59, 73
List the prime factors of 570232.
2, 13, 5483
List the prime factors of 74687.
74687
What are the prime factors of 227214?
2, 3, 13, 971
List the prime factors of 100813.
73, 1381
List the prime factors of 30775008.
2, 3, 11, 151, 193
What are the prime factors of 520254?
2, 3, 7, 4129
What are the prime factors of 5008147?
5008147
What are the prime factors of 123491?
123491
List the prime factors of 983266.
2, 491633
List the prime factors of 11839000.
2, 5, 11839
List the prime factors of 589946.
2, 7, 42139
List the prime factors of 340652.
2, 13, 6551
List the prime factors of 170990.
2, 5, 17099
List the prime factors of 8872425.
3, 5, 47, 839
What are the prime factors of 68291?
47, 1453
What are the prime factors of 17456280?
2, 3, 5, 17, 43, 199
List the prime factors of 2249197.
2249197
What are the prime factors of 1578284?
2, 394571
What are the prime factors of 8560030?
2, 5, 31, 53, 521
What are the prime factors of 15013173?
3, 7, 19, 191, 197
List the prime factors of 1080717.
3, 11, 32749
What are the prime factors of 804573?
3, 7, 11, 43
What are the prime factors of 11141248?
2, 87041
List the prime factors of 219438.
2, 3, 73, 167
List the prime factors of 2066551.
2066551
List the prime factors of 5710686.
2, 3, 951781
What are the prime factors of 43683?
3, 14561
What are the prime factors of 225667?
13, 17359
List the prime factors of 262458.
2, 3, 7, 2083
List the prime factors of 337253.
7, 48179
List the prime factors of 600688.
2, 11, 3413
What are the prime factors of 530598?
2, 3, 191, 463
List the prime factors of 8054308.
2, 37, 54421
What are the prime factors of 300339?
3, 13, 17, 151
List the prime factors of 487621.
211, 2311
What are the prime factors of 209076?
2, 3, 7, 19, 131
List the prime factors of 530633.
23, 23071
What are the prime factors of 11537637?
3, 823, 4673
What are the prime factors of 3745340?
2, 5, 401, 467
List the prime factors of 25865354.
2, 12932677
List the prime factors of 1365897.
3, 13, 35023
What are the prime factors of 51210?
2, 3, 5, 569
What are the prime factors of 12380141?
23, 538267
What are the prime factors of 5142351?
3, 1714117
What are the prime factors of 5619892?
2, 1404973
List the prime factors of 16301845.
5, 7, 233, 1999
List the prime factors of 1162323.
3, 43049
What are the prime factors of 2667507?
3, 29, 30661
List the prime factors of 733825.
5, 149, 197
List the prime factors of 7525379.
907, 8297
List the prime factors of 1177820.
2, 5, 7, 47, 179
What are the prime factors of 2062014?
2, 3, 557, 617
What are the prime factors of 5747918?
2, 11, 19, 13751
What are the prime factors of 3252682?
2, 47, 34603
What are the prime factors of 32917746?
2, 3, 17, 181, 1783
What are the prime factors of 5246733?
3, 1748911
List the prime factors of 908180.
2, 5, 7, 13, 499
List the prime factors of 41829.
3, 73, 191
List the prime factors of 14070917.
7, 17, 23, 53, 97
List the prime factors of 227262.
2, 3, 7, 773
What are the prime factors of 842314?
2, 11, 38287
List the prime factors of 3335001.
3, 1111667
What are the prime factors of 1597606?
2, 41, 19483
What are the prime factors of 183644?
2, 31, 1481
What are the prime factors of 854568?
2, 3, 11, 13, 83
List the prime factors of 1349568.
2, 3, 11, 71
What are the prime factors of 7742541?
3, 2580847
What are the prime factors of 1312987?
13, 100999
List the prime factors of 303931.
303931
List the prime factors of 1218406.
2, 7, 29, 3001
What are the prime factors of 1083418?
2, 7, 19, 4073
List the prime factors of 591832.
2, 29, 2551
List the prime factors of 342885.
3, 5, 22859
What are the prime factors of 690348?
2, 3, 57529
List the prime factors of 868241.
11, 17, 4643
List the prime factors of 338597.
7, 48371
What are the prime factors of 216731?
216731
What are the prime factors of 652335?
3, 5, 157, 277
What are the prime factors of 373144?
2, 46643
What are the prime factors of 5930867?
137, 43291
What are the prime factors of 769897?
67, 11491
What are the prime factors of 3978352?
2, 7, 35521
What are the prime factors of 5570910?
2, 3, 5, 47, 439
List the prime factors of 1270915.
5, 157, 1619
What are the prime factors of 43857?
3, 11, 443
What are the prime factors of 531458?
2, 265729
What are the prime factors of 521806?
2, 139, 1877
What are the prime factors of 9906574?
2, 29, 109, 1567
What are the prime factors of 285978?
2, 3, 7, 11, 619
List the prime factors of 201661.
201661
List the prime factors of 802466.
2, 7, 31, 43
What are the prime factors of 14043346?
2, 277, 25349
List the prime factors of 196009.
11, 103, 173
What are the prime factors of 11020039?
11020039
List the prime factors of 2728636.
2, 17, 40127
What are the prime factors of 2089991?
151, 13841
List the prime factors of 8109530.
2, 5, 11, 13, 53, 107
List the prime factors of 11749411.
41, 53, 5407
What are the prime factors of 30181295?
5, 373, 16183
List the prime factors of 490794.
2, 3, 81799
List the prime factors of 4452044.
2, 1113011
List the prime factors of 684544.
2, 7, 191
What are the prime factors of 116211?
3, 38737
List the prime factors of 278859.
3, 7, 271
List the prime fact